 34325611 composite?
False
Is 139021 a prime number?
True
Is 65749237 a composite number?
False
Is 3195809 a composite number?
False
Is 1900643 composite?
True
Is 16189637 composite?
False
Is 76772917 a prime number?
False
Is 20959597 a prime number?
True
Is 315511499 prime?
True
Is 1931779 composite?
True
Is 4304941 a prime number?
True
Is 39840793 prime?
False
Is 32905109 a prime number?
True
Is 1345177 a composite number?
False
Is 31623589 a prime number?
True
Is 12411419 a prime number?
True
Is 5148634 a composite number?
True
Is 9744159 a prime number?
False
Is 204135469 composite?
False
Is 8715233 composite?
False
Is 102863791 composite?
True
Is 531698683 a prime number?
True
Is 87925573 composite?
True
Is 25052323 a prime number?
True
Is 29516449 composite?
False
Is 21036853 composite?
True
Is 60427981 a composite number?
False
Is 51532417 prime?
True
Is 6188447 prime?
False
Is 24130283 a prime number?
True
Is 3797401 composite?
True
Is 9709481 composite?
False
Is 3591719 a prime number?
True
Is 82482937 composite?
False
Is 1043617411 prime?
True
Is 3010729 a prime number?
True
Is 11321459 a composite number?
True
Is 33246209 composite?
True
Is 89328947 a composite number?
False
Is 20536013 a composite number?
False
Is 106956617 composite?
True
Is 271219265 prime?
False
Is 24499249 prime?
False
Is 283913 composite?
True
Is 66231959 a prime number?
True
Is 14958299 a prime number?
True
Is 16631543 prime?
True
Is 410146697 a prime number?
False
Is 87900161 a composite number?
False
Is 19739 prime?
True
Is 84166123 composite?
False
Is 65048873 prime?
True
Is 3686971 prime?
True
Is 56922361 a composite number?
False
Is 56451727 prime?
False
Is 42102415 a prime number?
False
Is 133472393 a composite number?
False
Is 28266341 composite?
False
Is 31413383 a composite number?
False
Is 25758277 a prime number?
True
Is 204788051 prime?
False
Is 11358791 a prime number?
False
Is 160331 prime?
False
Is 2410361 prime?
True
Is 799154 prime?
False
Is 10767431 a composite number?
True
Is 3592123 composite?
True
Is 74847343 a composite number?
False
Is 1454009 prime?
False
Is 6782431 a prime number?
True
Is 10642837 a prime number?
False
Is 2172598 prime?
False
Is 35584259 prime?
True
Is 20424007 composite?
True
Is 120795083 composite?
True
Is 152406187 a prime number?
False
Is 7695541 prime?
False
Is 9401009 a prime number?
True
Is 13338797 a composite number?
True
Is 2126161 a prime number?
False
Is 3571237 a prime number?
True
Is 2155253 a prime number?
True
Is 452599871 composite?
False
Is 71867 a composite number?
False
Is 233853847 composite?
False
Is 32185711 prime?
True
Is 236906491 prime?
True
Is 39261043 composite?
False
Is 7873651 a prime number?
True
Is 10724011 prime?
True
Is 71317 a composite number?
False
Is 8489513 composite?
False
Is 2549137 prime?
False
Is 65353 a prime number?
True
Is 15493637 a prime number?
True
Is 7367393 a composite number?
True
Is 89561051 composite?
False
Is 893147 prime?
True
Is 32332999 composite?
True
Is 31317173 prime?
True
Is 366210839 a prime number?
False
Is 15150473 prime?
False
Is 3999283 prime?
True
Is 4305347 prime?
False
Is 15364679 prime?
False
Is 79139 composite?
False
Is 28444357 composite?
False
Is 11906621 prime?
False
Is 4310107 prime?
False
Is 7905619 composite?
False
Is 1465117 a composite number?
True
Is 59811281 a composite number?
True
Is 55251017 prime?
True
Is 277774759 a prime number?
False
Is 673785341 composite?
True
Is 128390761 a composite number?
True
Is 91686737 a prime number?
False
Is 881645 composite?
True
Is 50560843 a composite number?
True
Is 6695981 a composite number?
False
Is 162593 a composite number?
False
Is 4031101 a prime number?
True
Is 3521887 a composite number?
True
Is 136304977 composite?
False
Is 2371223 a prime number?
True
Is 87156191 prime?
True
Is 639920185 a composite number?
True
Is 2636143 prime?
True
Is 245161405 prime?
False
Is 1245397 a prime number?
True
Is 362029891 a composite number?
False
Is 2279063 prime?
True
Is 9463693 a prime number?
True
Is 14768711 prime?
True
Is 472106 a composite number?
True
Is 4723483 a composite number?
True
Is 329993 a prime number?
True
Is 3719981 prime?
True
Is 38792363 composite?
False
Is 1609051 composite?
True
Is 12644857 composite?
False
Is 2134147 composite?
True
Is 179454113 composite?
False
Is 1071387743 a composite number?
False
Is 20653357 a composite number?
False
Is 1054423 a prime number?
True
Is 7167773 a composite number?
True
Is 39523663 composite?
True
Is 69732739 prime?
False
Is 10853869 a prime number?
False
Is 17598709 prime?
True
Is 90216839 prime?
True
Is 37360699 a composite number?
False
Is 6586669 composite?
True
Is 149723489 a prime number?
True
Is 4206199 composite?
True
Is 137496791 a composite number?
True
Is 24794491 a composite number?
False
Is 116515271 a prime number?
True
Is 2251331 a composite number?
False
Is 418202497 composite?
False
Is 3689537 composite?
True
Is 3300701 composite?
True
Is 59264473 composite?
False
Is 187936439 prime?
True
Is 415367 composite?
True
Is 334663655 a prime number?
False
Is 1053347 prime?
True
Is 131728469 a composite number?
True
Is 28591057 a composite number?
True
Is 3804079 prime?
False
Is 209701133 prime?
True
Is 62154331 a composite number?
False
Is 25352239 prime?
False
Is 678227 a prime number?
False
Is 2603687 a composite number?
True
Is 2934499 a composite number?
False
Is 131391449 composite?
True
Is 309914603 a composite number?
False
Is 118672481 a composite number?
False
Is 9739339 a prime number?
True
Is 7572137 composite?
False
Is 8341063 a prime number?
True
Is 56621899 prime?
True
Is 72175423 composite?
True
Is 22564847 a prime number?
True
Is 363097151 composite?
True
Is 4734139 a composite number?
False
Is 21792299 a prime number?
False
Is 2160283 prime?
True
Is 3062369 a composite number?
True
Is 27545647 prime?
True
Is 44699093 composite?
True
Is 24545 prime?
False
Is 247376237 a prime number?
False
Is 22932617 a prime number?
True
Is 4422263 a prime number?
True
Is 100379749 a composite number?
True
Is 620099 prime?
True
Is 628271 a composite number?
True
Is 128700289 a composite number?
True
Is 2299111 a prime number?
True
Is 7879871 a composite number?
False
Is 2448065 a prime number?
False
Is 14253817 composite?
False
Is 7386871 composite?
False
Is 8525411 composite?
False
Is 4028251 a composite number?
False
Is 2131447 prime?
True
Is 20278211 prime?
False
Is 2691187 prime?
True
Is 4610161 prime?
False
Is 45690893 composite?
True
Is 558583 composite?
False
Is 211768103 a composite number?
True
Is 240453563 prime?
False
Is 662351 a composite number?
False
Is 9134249 prime?
True
Is 2075149 a composite number?
False
Is 7881569 composite?
False
Is 197473513 a composite number?
True
Is 173773 prime?
True
Is 29398783 prime?
True
Is 56125417 composite?
False
Is 618407 a composite number?
False
Is 102343 prime?
False
Is 19129345 prime?
False
Is 33848099 composite?
False
Is 6963083 a composite number?
False
Is 49516183 a composite number?
False
Is 2014997 a prime number?
True
Is 212869337 a composite number?
False
Is 176569457 a prime number?
True
Is 71417057 a composite number?
False
Is 80853 a prime number?
False
Is 333274027 prime?
False
Is 1158977 composite?
False
Is 164827457 prime?
True
Is 456940181 composite?
False
Is 4403143 a prime number?
False
Is 8163433 prime?
False
Is 3427517 a prime number?
False
Is 169493353 a composite number?
True
Is 268863922 a prime number?
False
Is 64538081 composite?
False
Is 1825261 prime?
True
Is 49091819 a prime number?
False
Is 592840933 composite?
True
Is 16503 composite?
True
Is 14996273 prime?
True
Is 414411841 prime?
True
Is 1214077 prime?
True
Is 2201113 prime?
False
Is 6951341 composite?
False
Is 179233 composite?
False
Is 54023401 composite?
False
Is 11265549 a prime number?
False
Is 14501027 a composite number?
False
Is 3838489 composite?
True
Is 3368639 a composite number?
True
Is 81158777 a prime number?
False
Is 46322173 a prime number?
False
Is 2921458 prime?
False
Is 593926799 composite?
True
Is 344221811 a composite number?
False
Is 1005773 a prime number?
False
Is 72297127 a composite number?
True
Is 73206191 a prime number?
False
Is 18130127 a composite number?
False
Is 22